{"id":290,"date":"2026-04-17T08:30:51","date_gmt":"2026-04-17T08:30:51","guid":{"rendered":"https:\/\/jmiodek.aivikando.com.pl\/?post_type=product&#038;p=290"},"modified":"2026-04-17T08:31:42","modified_gmt":"2026-04-17T08:31:42","slug":"krowka-kakaowe-premium","status":"publish","type":"product","link":"https:\/\/jmiodek.aivikando.com.pl\/?product=krowka-kakaowe-premium","title":{"rendered":"Kr\u00f3wka kakaowe PREMIUM"},"content":{"rendered":"<section class=\"l-section wpb_row height_auto width_full\"><div class=\"l-section-h i-cf\"><div class=\"g-cols vc_row via_flex valign_top type_default stacking_default\"><div class=\"vc_col-sm-6 wpb_column vc_column_container\"><div class=\"vc_column-inner\"><div class=\"wpb_wrapper\"><div class=\"wpb_text_column\"><div class=\"wpb_wrapper\"><p>Zaskakuj\u0105ce, g\u0142\u0119bokie w smaku i pe\u0142ne aromatu \u2013 kr\u00f3wki kakaowe premium to wyj\u0105tkowe po\u0142\u0105czenie intensywnego kakao i aksamitnej, ma\u015blanej s\u0142odyczy. Ich delikatna konsystencja sprawia, \u017ce rozp\u0142ywaj\u0105 si\u0119 w ustach, a z czasem subtelnie kruszej\u0105, je\u015bli wcze\u015bniej nie znikn\u0105.<\/p>\n<p><strong>Wyr\u00f3\u017cnia je:<\/strong><\/p>\n<ul>\n<li><strong>100% r\u0119czna produkcja<\/strong> \u2013 od gotowania po pakowanie<\/li>\n<li><strong>Kr\u00f3tki sk\u0142ad<\/strong> \u2013 tylko naturalne sk\u0142adniki, bez sztucznych dodatk\u00f3w<\/li>\n<li><strong>Bogaty, kakaowy smak<\/strong> \u2013 wyrazisty i idealnie zbalansowany<\/li>\n<li><strong>Delikatna struktura<\/strong> \u2013 mi\u0119kkie, lekko kruche<\/li>\n<li><strong>Eleganckie opakowanie<\/strong> \u2013 bia\u0142e pude\u0142ko z firmowym oznakowaniem lub wst\u0105\u017ck\u0105<\/li>\n<\/ul>\n<\/div><\/div><\/div><\/div><\/div><div class=\"vc_col-sm-6 wpb_column vc_column_container\"><div class=\"vc_column-inner\"><div class=\"wpb_wrapper\"><div class=\"wpb_text_column\"><div class=\"wpb_wrapper\"><p><strong>Doskona\u0142e jako:<\/strong><\/p>\n<ul>\n<li><strong>s\u0142odkie podzi\u0119kowanie<\/strong> dla go\u015bci weselnych, komunijnych i na chrzcinach<\/li>\n<li><strong>upominek firmowy<\/strong> i dodatek do przesy\u0142ek biznesowych<\/li>\n<li>s\u0142odki pocz\u0119stunek<strong> na targi i eventy<\/strong><\/li>\n<\/ul>\n<p>Ka\u017cda partia przygotowywana jest na \u015bwie\u017co w Sosnowcu, dlatego czas realizacji wynosi do 7 dni.<br \/>\nSpr\u00f3buj intensywnego kakaowego smaku i przekonaj si\u0119, jak wyj\u0105tkowe mog\u0105 by\u0107 kr\u00f3wki!w intensywnie kokosowym smaku!<\/p>\n<\/div><\/div><\/div><\/div><\/div><\/div><\/div><\/section>\n","protected":false},"excerpt":{"rendered":"Zaskakuj\u0105ce, g\u0142\u0119bokie w smaku i pe\u0142ne aromatu \u2013 kr\u00f3wki kakaowe premium to wyj\u0105tkowe po\u0142\u0105czenie intensywnego kakao i aksamitnej, ma\u015blanej s\u0142odyczy. Ich delikatna konsystencja sprawia, \u017ce rozp\u0142ywaj\u0105 si\u0119 w ustach, a z czasem subtelnie kruszej\u0105, je\u015bli wcze\u015bniej nie znikn\u0105. Wyr\u00f3\u017cnia je: 100% r\u0119czna produkcja \u2013 od gotowania po pakowanie Kr\u00f3tki sk\u0142ad \u2013 tylko naturalne sk\u0142adniki, bez...","protected":false},"featured_media":351,"comment_status":"open","ping_status":"closed","template":"","meta":[],"product_brand":[],"product_cat":[18],"product_tag":[],"class_list":{"0":"post-290","1":"product","2":"type-product","3":"status-publish","4":"has-post-thumbnail","6":"product_cat-krowki-premium","8":"first","9":"outofstock","10":"shipping-taxable","11":"purchasable","12":"product-type-variable","13":"has-default-attributes"},"_links":{"self":[{"href":"https:\/\/jmiodek.aivikando.com.pl\/index.php?rest_route=\/wp\/v2\/product\/290","targetHints":{"allow":["GET"]}}],"collection":[{"href":"https:\/\/jmiodek.aivikando.com.pl\/index.php?rest_route=\/wp\/v2\/product"}],"about":[{"href":"https:\/\/jmiodek.aivikando.com.pl\/index.php?rest_route=\/wp\/v2\/types\/product"}],"replies":[{"embeddable":true,"href":"https:\/\/jmiodek.aivikando.com.pl\/index.php?rest_route=%2Fwp%2Fv2%2Fcomments&post=290"}],"wp:featuredmedia":[{"embeddable":true,"href":"https:\/\/jmiodek.aivikando.com.pl\/index.php?rest_route=\/wp\/v2\/media\/351"}],"wp:attachment":[{"href":"https:\/\/jmiodek.aivikando.com.pl\/index.php?rest_route=%2Fwp%2Fv2%2Fmedia&parent=290"}],"wp:term":[{"taxonomy":"product_brand","embeddable":true,"href":"https:\/\/jmiodek.aivikando.com.pl\/index.php?rest_route=%2Fwp%2Fv2%2Fproduct_brand&post=290"},{"taxonomy":"product_cat","embeddable":true,"href":"https:\/\/jmiodek.aivikando.com.pl\/index.php?rest_route=%2Fwp%2Fv2%2Fproduct_cat&post=290"},{"taxonomy":"product_tag","embeddable":true,"href":"https:\/\/jmiodek.aivikando.com.pl\/index.php?rest_route=%2Fwp%2Fv2%2Fproduct_tag&post=290"}],"curies":[{"name":"wp","href":"https:\/\/api.w.org\/{rel}","templated":true}]}}