{"id":278,"date":"2026-04-16T18:59:18","date_gmt":"2026-04-16T18:59:18","guid":{"rendered":"https:\/\/jmiodek.aivikando.com.pl\/?post_type=product&#038;p=278"},"modified":"2026-04-16T19:02:51","modified_gmt":"2026-04-16T19:02:51","slug":"krowka-kokosowe-premium","status":"publish","type":"product","link":"https:\/\/jmiodek.aivikando.com.pl\/?product=krowka-kokosowe-premium","title":{"rendered":"Kr\u00f3wka kokosowe PREMIUM"},"content":{"rendered":"<section class=\"l-section wpb_row height_auto width_full\"><div class=\"l-section-h i-cf\"><div class=\"g-cols vc_row via_flex valign_top type_default stacking_default\"><div class=\"vc_col-sm-6 wpb_column vc_column_container\"><div class=\"vc_column-inner\"><div class=\"wpb_wrapper\"><div class=\"wpb_text_column\"><div class=\"wpb_wrapper\"><p>Nieoczywiste, zaskakuj\u0105ce i pe\u0142ne smaku \u2013 kr\u00f3wki kokosowe premium to propozycja dla mi\u0142o\u015bnik\u00f3w egzotycznych s\u0142odyczy. Ich wyj\u0105tkowa receptura \u0142\u0105czy ma\u015blany karmel z du\u017c\u0105 ilo\u015bci\u0105 wi\u00f3rk\u00f3w kokosowych, tworz\u0105c intensywnie kokosowy smak i przyjemnie kruch\u0105 konsystencj\u0119.<\/p>\n<p>Wyr\u00f3\u017cnia je:<\/p>\n<ul>\n<li><strong>100% r\u0119czna produkcja<\/strong> \u2013 od gotowania po pakowanie<\/li>\n<li><strong>Kr\u00f3tki sk\u0142ad<\/strong> \u2013 wy\u0142\u0105cznie naturalne sk\u0142adniki, bez ulepszaczy<\/li>\n<li><strong>G\u0142\u0119boki, ma\u015blano-kokosowy smak<\/strong><\/li>\n<li><strong>Delikatna struktura<\/strong> \u2013 mi\u0119kkie, lekko kruche<\/li>\n<li><strong>Eleganckie opakowanie<\/strong> \u2013 bia\u0142e pude\u0142ko z oznakowaniem lub wst\u0105\u017ck\u0105<\/li>\n<\/ul>\n<\/div><\/div><\/div><\/div><\/div><div class=\"vc_col-sm-6 wpb_column vc_column_container\"><div class=\"vc_column-inner\"><div class=\"wpb_wrapper\"><div class=\"wpb_text_column\"><div class=\"wpb_wrapper\"><p><strong>Idealne jako:<\/strong><\/p>\n<ul>\n<li>s\u0142odkie podzi\u0119kowanie dla go\u015bci weselnych, komunijnych i na chrzcinach<\/li>\n<li>upominek dla klient\u00f3w i dodatek do przesy\u0142ek firmowych<\/li>\n<li>pocz\u0119stunek na targi i eventy<\/li>\n<li>Wszystkie kr\u00f3wki s\u0105 r\u0119cznie robione w Sosnowcu, przygotowywane na zam\u00f3wienie, dlatego czas realizacji wynosi do 7 dni.<\/li>\n<\/ul>\n<p>Spr\u00f3buj i zakochaj si\u0119 w intensywnie kokosowym smaku!<\/p>\n<\/div><\/div><\/div><\/div><\/div><\/div><\/div><\/section>\n","protected":false},"excerpt":{"rendered":"Nieoczywiste, zaskakuj\u0105ce i pe\u0142ne smaku \u2013 kr\u00f3wki kokosowe premium to propozycja dla mi\u0142o\u015bnik\u00f3w egzotycznych s\u0142odyczy. Ich wyj\u0105tkowa receptura \u0142\u0105czy ma\u015blany karmel z du\u017c\u0105 ilo\u015bci\u0105 wi\u00f3rk\u00f3w kokosowych, tworz\u0105c intensywnie kokosowy smak i przyjemnie kruch\u0105 konsystencj\u0119. Wyr\u00f3\u017cnia je: 100% r\u0119czna produkcja \u2013 od gotowania po pakowanie Kr\u00f3tki sk\u0142ad \u2013 wy\u0142\u0105cznie naturalne sk\u0142adniki, bez ulepszaczy G\u0142\u0119boki, ma\u015blano-kokosowy smak...","protected":false},"featured_media":281,"comment_status":"open","ping_status":"closed","template":"","meta":[],"product_brand":[],"product_cat":[18],"product_tag":[],"class_list":{"0":"post-278","1":"product","2":"type-product","3":"status-publish","4":"has-post-thumbnail","6":"product_cat-krowki-premium","8":"first","9":"instock","10":"shipping-taxable","11":"purchasable","12":"product-type-variable","13":"has-default-attributes"},"_links":{"self":[{"href":"https:\/\/jmiodek.aivikando.com.pl\/index.php?rest_route=\/wp\/v2\/product\/278","targetHints":{"allow":["GET"]}}],"collection":[{"href":"https:\/\/jmiodek.aivikando.com.pl\/index.php?rest_route=\/wp\/v2\/product"}],"about":[{"href":"https:\/\/jmiodek.aivikando.com.pl\/index.php?rest_route=\/wp\/v2\/types\/product"}],"replies":[{"embeddable":true,"href":"https:\/\/jmiodek.aivikando.com.pl\/index.php?rest_route=%2Fwp%2Fv2%2Fcomments&post=278"}],"wp:featuredmedia":[{"embeddable":true,"href":"https:\/\/jmiodek.aivikando.com.pl\/index.php?rest_route=\/wp\/v2\/media\/281"}],"wp:attachment":[{"href":"https:\/\/jmiodek.aivikando.com.pl\/index.php?rest_route=%2Fwp%2Fv2%2Fmedia&parent=278"}],"wp:term":[{"taxonomy":"product_brand","embeddable":true,"href":"https:\/\/jmiodek.aivikando.com.pl\/index.php?rest_route=%2Fwp%2Fv2%2Fproduct_brand&post=278"},{"taxonomy":"product_cat","embeddable":true,"href":"https:\/\/jmiodek.aivikando.com.pl\/index.php?rest_route=%2Fwp%2Fv2%2Fproduct_cat&post=278"},{"taxonomy":"product_tag","embeddable":true,"href":"https:\/\/jmiodek.aivikando.com.pl\/index.php?rest_route=%2Fwp%2Fv2%2Fproduct_tag&post=278"}],"curies":[{"name":"wp","href":"https:\/\/api.w.org\/{rel}","templated":true}]}}